{"id":10611,"date":"2015-09-16T10:11:26","date_gmt":"2015-09-16T09:11:26","guid":{"rendered":"http:\/\/www.sachyuo.cz\/?page_id=10611"},"modified":"2018-05-15T21:45:58","modified_gmt":"2018-05-15T20:45:58","slug":"knihovna","status":"publish","type":"page","link":"https:\/\/www.sachyuo.cz\/?page_id=10611","title":{"rendered":"Knihovna"},"content":{"rendered":"<p>Zde je aktualizovan\u00fd seznam odd\u00edlov\u00e9 literatury. Pro vyp\u016fj\u010den\u00ed kontaktujte <a href=\"mailto:Pavel.Holasek@seznam.cz\">Pavla Hol\u00e1ska<\/a>.<br \/>\nP\u016fj\u010dovn\u00e9 je 1,- K\u010d za 1 m\u011bs\u00edc.<\/p>\n<table>\n<tbody>\n<tr>\n<td width=\"94\">Autor<\/td>\n<td width=\"144\">N\u00e1zev<\/td>\n<td width=\"100\">Charakteristika<\/td>\n<td width=\"54\">P\u016fj\u010deno<\/td>\n<td width=\"56\">Od kdy<\/td>\n<td width=\"64\">Po\u0159izovac\u00ed cena<\/td>\n<td width=\"63\">Datum po\u0159\u00edzen\u00ed<\/td>\n<td width=\"46\">Zdroj<\/td>\n<\/tr>\n<tr>\n<td>Biolek Richard<\/td>\n<td>Cvi\u010debnice takt. p\u0159\u00edkl. pro m\u00edrn\u011b pokro\u010d.<\/td>\n<td>diagramy \u00farovn\u011b 1400 &#8211; 1700<\/td>\n<td><\/td>\n<td><\/td>\n<td>120.00K\u010d<\/td>\n<td>1.7.2014<\/td>\n<td>Biolek<\/td>\n<\/tr>\n<tr>\n<td>Biolek Richard<\/td>\n<td>Zahrej jako velmist\u0159i<\/td>\n<td>diagramy \u00farovn\u011b 1500 &#8211; 1800<\/td>\n<td><\/td>\n<td><\/td>\n<td>120.00K\u010d<\/td>\n<td>1.7.2014<\/td>\n<td>Biolek<\/td>\n<\/tr>\n<tr>\n<td>Biolek Richard a kol.<\/td>\n<td>\u0160ach. zah\u00e1jen\u00ed: Polootev\u0159en\u00e9 hry<\/td>\n<td>komentovan\u00e9 partie<\/td>\n<td>\u00a0Pokorn\u00fd Jan<\/td>\n<td>\u00a04.8.2016<\/td>\n<td>350.00K\u010d<\/td>\n<td>1.7.2014<\/td>\n<td>Biolek<\/td>\n<\/tr>\n<tr>\n<td>Vok\u00e1\u010d Marek a kol.<\/td>\n<td>Nejslavn\u011bj\u0161\u00ed turnaje \u0161ach. historie<\/td>\n<td>komentovan\u00e9 partie<\/td>\n<td><\/td>\n<td><\/td>\n<td>200.00K\u010d<\/td>\n<td>1.7.2014<\/td>\n<td>Biolek<\/td>\n<\/tr>\n<tr>\n<td>Biolek Richard a kol.<\/td>\n<td>Z\u00e1klady \u0161achov\u00e9 strategie<\/td>\n<td>komentovan\u00e9 partie<\/td>\n<td><\/td>\n<td><\/td>\n<td>200.00K\u010d<\/td>\n<td>1.7.2014<\/td>\n<td>Biolek<\/td>\n<\/tr>\n<tr>\n<td>Biolek Richard, Ka\u0148ovsk\u00fd David<\/td>\n<td>\u0160achov\u00e9 koncovky pro pokro\u010dil\u00e9<\/td>\n<td>pokro\u010dil\u00fd kurs \u00farovn\u011b 1900+<\/td>\n<td><\/td>\n<td><\/td>\n<td>200.00K\u010d<\/td>\n<td>1.7.2014<\/td>\n<td>Biolek<\/td>\n<\/tr>\n<tr>\n<td>Biolek Richard a kol.<\/td>\n<td>Magnus Carlsen<\/td>\n<td>komentovan\u00e9 partie<\/td>\n<td><\/td>\n<td><\/td>\n<td>200.00K\u010d<\/td>\n<td>1.7.2014<\/td>\n<td>Biolek<\/td>\n<\/tr>\n<tr>\n<td>Biolek Richard a kol.<\/td>\n<td>Zav\u0159en\u00e9 hry I: anglick\u00e1, d\u00e1m. gamb., dome\u010dky<\/td>\n<td>komentovan\u00e9 partie<\/td>\n<td>\u0160majzr Martin<\/td>\n<td>1.1.2015<\/td>\n<td>300.00K\u010d<\/td>\n<td>1.7.2014<\/td>\n<td>Biolek<\/td>\n<\/tr>\n<tr>\n<td>Bron\u0161tejn David<\/td>\n<td>Mezin\u00e1rodn\u00ed turnaj velmistr\u016f (Curych 1953)<\/td>\n<td>slavn\u00e1 turnajov\u00e1 kniha<\/td>\n<td><\/td>\n<td><\/td>\n<td>549.00K\u010d<\/td>\n<td>1.3.2016<\/td>\n<td>Mazuch<\/td>\n<\/tr>\n<tr>\n<td>Konopka Michal<\/td>\n<td>Magick\u00e9 pozice<\/td>\n<td>taktika &#8211; koment. diagramy<\/td>\n<td><\/td>\n<td><\/td>\n<td>399.00K\u010d<\/td>\n<td>1.3.2016<\/td>\n<td>Mazuch<\/td>\n<\/tr>\n<tr>\n<td>Jansa Vlastimil<\/td>\n<td>Dynamika strategie zah\u00e1jen\u00ed<\/td>\n<td>strategie vybran\u00fdch variant<\/td>\n<td><\/td>\n<td><\/td>\n<td>290.00K\u010d<\/td>\n<td>1.3.2016<\/td>\n<td>Mazuch<\/td>\n<\/tr>\n<tr>\n<td>Biolek Richard a kol.<\/td>\n<td>Robert Fischer, Boris Spasskij<\/td>\n<td>komentovan\u00e9 partie<\/td>\n<td><\/td>\n<td><\/td>\n<td>200.00K\u010d<\/td>\n<td>1.3.2016<\/td>\n<td>Mazuch<\/td>\n<\/tr>\n<tr>\n<td>Andree Ji\u0159\u00ed, Biolek Richard<\/td>\n<td>Stru\u010dn\u00e1 historie \u0161achu<\/td>\n<td>historie a koment. partie<\/td>\n<td><\/td>\n<td><\/td>\n<td>200.00K\u010d<\/td>\n<td>1.3.2016<\/td>\n<td>Mazuch<\/td>\n<\/tr>\n<tr>\n<td>Ka\u0148ovsk\u00fd David<\/td>\n<td>Paul Morphy &amp; Adolf Anderssen<\/td>\n<td>komentovan\u00e9 partie<\/td>\n<td><\/td>\n<td><\/td>\n<td>200.00K\u010d<\/td>\n<td>1.3.2016<\/td>\n<td>Mazuch<\/td>\n<\/tr>\n<tr>\n<td>Movsesjan Sergej, Kl\u00edma Luk\u00e1\u0161<\/td>\n<td>Czech open. Pardubick\u00fd fenom\u00e9n<\/td>\n<td>pov\u00edd\u00e1n\u00ed, 20 koment. parti\u00ed<\/td>\n<td><\/td>\n<td><\/td>\n<td>190.00K\u010d<\/td>\n<td>1.3.2016<\/td>\n<td>Mazuch<\/td>\n<\/tr>\n<tr>\n<td>Marko\u0161 J\u00e1n<\/td>\n<td>Pod hladinou<\/td>\n<td>origin\u00e1ln\u00ed strategick\u00e9 rozbory<\/td>\n<td><\/td>\n<td><\/td>\n<td>330 K\u010d<\/td>\n<td>1.5.2017<\/td>\n<td>Nov\u00fd Bor<\/td>\n<\/tr>\n<tr>\n<td>Biolek Richard a kol.<\/td>\n<td>Otev\u0159en\u00e9 hry<\/td>\n<td>komentovan\u00e9 partie<\/td>\n<td><\/td>\n<td><\/td>\n<td>280 K\u010d<\/td>\n<td>1.6.2017<\/td>\n<td>Biolek<\/td>\n<\/tr>\n<tr>\n<td>Biolek Richard a kol.<\/td>\n<td>Zav\u0159en\u00e9 hry II: indick\u00e9 hry, holandsk\u00e1<\/td>\n<td>komentovan\u00e9 partie<\/td>\n<td><\/td>\n<td><\/td>\n<td>245 K\u010d<\/td>\n<td>1.6.2017<\/td>\n<td>Biolek<\/td>\n<\/tr>\n<tr>\n<td>Biolek Richard<\/td>\n<td>Z\u00e1klady taktiky<\/td>\n<td>p\u0159ehled taktiky<\/td>\n<td><\/td>\n<td><\/td>\n<td>140 K\u010d<\/td>\n<td>1.6.2017<\/td>\n<td>Biolek<\/td>\n<\/tr>\n<tr>\n<td>Ka\u0148ovsk\u00fd David<\/td>\n<td>Nebojme se chameleona<\/td>\n<td>izolovan\u00fd p\u011b\u0161ec &#8211; koment. partie<\/td>\n<td><\/td>\n<td><\/td>\n<td>200 K\u010d<\/td>\n<td>1.7.2017<\/td>\n<td>Ka\u0148ovsk\u00fd<\/td>\n<\/tr>\n<tr>\n<td>Mar\u00f3czy G\u00e9za<\/td>\n<td>Paul Morphy I<\/td>\n<td>komentovan\u00e9 partie<\/td>\n<td><\/td>\n<td><\/td>\n<td>226 K\u010d<\/td>\n<td>20.3.2018<\/td>\n<td>Beil<\/td>\n<\/tr>\n<tr>\n<td>Mar\u00f3czy G\u00e9za<\/td>\n<td>Paul Morphy II<\/td>\n<td>komentovan\u00e9 partie<\/td>\n<td><\/td>\n<td><\/td>\n<td>226 K\u010d<\/td>\n<td>20.3.2018<\/td>\n<td>Beil<\/td>\n<\/tr>\n<tr>\n<td>Devid\u00e9 Charles<\/td>\n<td>Wilhelm Steinitz<\/td>\n<td>komentovan\u00e9 partie<\/td>\n<td><\/td>\n<td><\/td>\n<td>144 K\u010d<\/td>\n<td>20.3.2018<\/td>\n<td>Beil<\/td>\n<\/tr>\n<tr>\n<td>Lasker Emanuel<\/td>\n<td>Zdrav\u00fd rozum v \u0161achu<\/td>\n<td>v\u00fdukov\u00e9 lekce<\/td>\n<td><\/td>\n<td><\/td>\n<td>144 K\u010d<\/td>\n<td>20.3.2018<\/td>\n<td>Beil<\/td>\n<\/tr>\n<tr>\n<td>Hans Kmoch<\/td>\n<td>Rubinsteinovy \u0161achov\u00e9 perly<\/td>\n<td>komentovan\u00e9 partie<\/td>\n<td><\/td>\n<td><\/td>\n<td>252 K\u010d<\/td>\n<td>20.3.2018<\/td>\n<td>Beil<\/td>\n<\/tr>\n<tr>\n<td>Capablanca J. R.<\/td>\n<td>\u0160achov\u00e9 z\u00e1klady<\/td>\n<td>v\u00fdukov\u00e9 lekce<\/td>\n<td><\/td>\n<td><\/td>\n<td>144 K\u010d<\/td>\n<td>20.3.2018<\/td>\n<td>Beil<\/td>\n<\/tr>\n<tr>\n<td>Capablanca J. R.<\/td>\n<td>M\u00e1 \u0161achov\u00e1 kari\u00e9ra<\/td>\n<td>komentovan\u00e9 partie<\/td>\n<td><\/td>\n<td><\/td>\n<td>180 K\u010d<\/td>\n<td>20.3.2018<\/td>\n<td>Beil<\/td>\n<\/tr>\n<tr>\n<td>R\u00e9ti Richard<\/td>\n<td>Mist\u0159i \u0161achovnice<\/td>\n<td>komentovan\u00e9 partie<\/td>\n<td><\/td>\n<td><\/td>\n<td>288 K\u010d<\/td>\n<td>20.3.2018<\/td>\n<td>Beil<\/td>\n<\/tr>\n<tr>\n<td>Aljechin Alexandr<\/td>\n<td>Na cest\u011b k nejvy\u0161\u0161\u00edm \u0161achov\u00fdm c\u00edl\u016fm<\/td>\n<td>komentovan\u00e9 partie<\/td>\n<td><\/td>\n<td><\/td>\n<td>288 K\u010d<\/td>\n<td>20.3.2018<\/td>\n<td>Beil<\/td>\n<\/tr>\n<tr>\n<td>Karpov Anatolij, Podgajec Michail<\/td>\n<td>Za\u0161\u010dita Karo-Kann: Ataka Panova<\/td>\n<td>teoretick\u00e1 p\u0159\u00edru\u010dka (rusky)<\/td>\n<td><\/td>\n<td><\/td>\n<td>0<\/td>\n<td>12.4.2018<\/td>\n<td>Langr<\/td>\n<\/tr>\n<tr>\n<td>Karpov Anatolij, Podgajec Michail<\/td>\n<td>Za\u0161\u010dita Karo-Kann: Klassi\u010deskaja sistema<\/td>\n<td>teoretick\u00e1 p\u0159\u00edru\u010dka (rusky)<\/td>\n<td><\/td>\n<td><\/td>\n<td>0<\/td>\n<td>12.4.2018<\/td>\n<td>Langr<\/td>\n<\/tr>\n<tr>\n<td>Avruch Boris<\/td>\n<td>1. d4 (2. d\u00edl &#8211; indick\u00e9 hry)<\/td>\n<td>teoretick\u00e1 p\u0159\u00edru\u010dka (rusky)<\/td>\n<td><\/td>\n<td><\/td>\n<td>0<\/td>\n<td>12.4.2018<\/td>\n<td>Langr<\/td>\n<\/tr>\n<\/tbody>\n<\/table>\n<p>&nbsp;<\/p>\n","protected":false},"excerpt":{"rendered":"<p>Zde je aktualizovan\u00fd seznam odd\u00edlov\u00e9 literatury. Pro vyp\u016fj\u010den\u00ed kontaktujte Pavla Hol\u00e1ska. P\u016fj\u010dovn\u00e9 je 1,- K\u010d za 1 m\u011bs\u00edc. Autor N\u00e1zev Charakteristika P\u016fj\u010deno Od kdy Po\u0159izovac\u00ed cena Datum po\u0159\u00edzen\u00ed Zdroj Biolek Richard Cvi\u010debnice takt. p\u0159\u00edkl. pro m\u00edrn\u011b pokro\u010d. diagramy \u00farovn\u011b 1400 &#8211; 1700 120.00K\u010d 1.7.2014 Biolek Biolek Richard Zahrej jako velmist\u0159i diagramy \u00farovn\u011b 1500 &#8211; 1800 [&hellip;]<\/p>\n","protected":false},"author":11,"featured_media":0,"parent":4249,"menu_order":99,"comment_status":"open","ping_status":"open","template":"","meta":{"ngg_post_thumbnail":0,"footnotes":"","_links_to":"","_links_to_target":""},"class_list":["post-10611","page","type-page","status-publish","hentry"],"_links":{"self":[{"href":"https:\/\/www.sachyuo.cz\/index.php?rest_route=\/wp\/v2\/pages\/10611","targetHints":{"allow":["GET"]}}],"collection":[{"href":"https:\/\/www.sachyuo.cz\/index.php?rest_route=\/wp\/v2\/pages"}],"about":[{"href":"https:\/\/www.sachyuo.cz\/index.php?rest_route=\/wp\/v2\/types\/page"}],"author":[{"embeddable":true,"href":"https:\/\/www.sachyuo.cz\/index.php?rest_route=\/wp\/v2\/users\/11"}],"replies":[{"embeddable":true,"href":"https:\/\/www.sachyuo.cz\/index.php?rest_route=%2Fwp%2Fv2%2Fcomments&post=10611"}],"version-history":[{"count":16,"href":"https:\/\/www.sachyuo.cz\/index.php?rest_route=\/wp\/v2\/pages\/10611\/revisions"}],"predecessor-version":[{"id":16419,"href":"https:\/\/www.sachyuo.cz\/index.php?rest_route=\/wp\/v2\/pages\/10611\/revisions\/16419"}],"up":[{"embeddable":true,"href":"https:\/\/www.sachyuo.cz\/index.php?rest_route=\/wp\/v2\/pages\/4249"}],"wp:attachment":[{"href":"https:\/\/www.sachyuo.cz\/index.php?rest_route=%2Fwp%2Fv2%2Fmedia&parent=10611"}],"curies":[{"name":"wp","href":"https:\/\/api.w.org\/{rel}","templated":true}]}}