{"id":1619,"date":"2010-10-09T11:57:45","date_gmt":"2010-10-09T10:57:45","guid":{"rendered":"http:\/\/www.sachyuo.cz\/?page_id=1619"},"modified":"2020-01-16T10:27:19","modified_gmt":"2020-01-16T09:27:19","slug":"oddilak-20092010","status":"publish","type":"page","link":"https:\/\/www.sachyuo.cz\/?page_id=1619","title":{"rendered":"Odd\u00edl\u00e1k &#8211; 2009\/10"},"content":{"rendered":"<h4 id=\"pg_draw\">V\u00fdsledky<\/h4>\n<table border=\"1\" cellpadding=\"0\">\n<tbody>\n<tr>\n<td><strong>Po\u0159.<\/strong><\/td>\n<td><strong>Jm\u00e9no<\/strong><\/td>\n<td><strong>ELO<\/strong><\/td>\n<td><strong>1<\/strong><\/td>\n<td><strong>2<\/strong><\/td>\n<td><strong>3<\/strong><\/td>\n<td><strong>4<\/strong><\/td>\n<td><strong>5<\/strong><\/td>\n<td><strong>6<\/strong><\/td>\n<td><strong>7<\/strong><\/td>\n<td><strong>8<\/strong><\/td>\n<td><strong>9<\/strong><\/td>\n<td><strong>Body<\/strong><\/td>\n<td><strong>Sk\u00f3re<\/strong><\/td>\n<td><strong>Los<\/strong><\/td>\n<\/tr>\n<tr>\n<td>1<\/td>\n<td>Hol\u00e1sek Pavel<\/td>\n<td>2116<\/td>\n<td><\/td>\n<td>1<\/td>\n<td>1<\/td>\n<td>1<\/td>\n<td>0<\/td>\n<td>1<\/td>\n<td>1<\/td>\n<td>1<\/td>\n<td><\/td>\n<td>6<\/td>\n<td>19<\/td>\n<td>1<\/td>\n<\/tr>\n<tr>\n<td>2<\/td>\n<td>J\u00e1ni\u0161 Petr<\/td>\n<td>1652<\/td>\n<td>0<\/td>\n<td><\/td>\n<td>0<\/td>\n<td>1<\/td>\n<td>1<\/td>\n<td>1<\/td>\n<td>1<\/td>\n<td>1<\/td>\n<td><\/td>\n<td>5<\/td>\n<td>12.5<\/td>\n<td>3<\/td>\n<\/tr>\n<tr>\n<td>3<\/td>\n<td>Kapoun V\u00edt<\/td>\n<td>1453<\/td>\n<td>0<\/td>\n<td>1<\/td>\n<td><\/td>\n<td>1<\/td>\n<td>R<\/td>\n<td>R<\/td>\n<td>R<\/td>\n<td>1<\/td>\n<td><\/td>\n<td>4.5<\/td>\n<td>13.25<\/td>\n<td>9<\/td>\n<\/tr>\n<tr>\n<td>4<\/td>\n<td>John Petr<\/td>\n<td>1545<\/td>\n<td>0<\/td>\n<td>0<\/td>\n<td>0<\/td>\n<td><\/td>\n<td>1<\/td>\n<td>R<\/td>\n<td>1<\/td>\n<td>1<\/td>\n<td><\/td>\n<td>3.5<\/td>\n<td>7.5<\/td>\n<td>2<\/td>\n<\/tr>\n<tr>\n<td>5<\/td>\n<td>Driemer Jaroslav<\/td>\n<td>1536<\/td>\n<td>1<\/td>\n<td>0<\/td>\n<td>R<\/td>\n<td>0<\/td>\n<td><\/td>\n<td>1<\/td>\n<td>0<\/td>\n<td>R<\/td>\n<td><\/td>\n<td>3<\/td>\n<td>11.5<\/td>\n<td>5<\/td>\n<\/tr>\n<tr>\n<td>6<\/td>\n<td>Kodytek Tom\u00e1\u0161<\/td>\n<td>1657<\/td>\n<td>0<\/td>\n<td>0<\/td>\n<td>R<\/td>\n<td>R<\/td>\n<td>0<\/td>\n<td><\/td>\n<td>1<\/td>\n<td>1<\/td>\n<td><\/td>\n<td>3<\/td>\n<td>7<\/td>\n<td>6<\/td>\n<\/tr>\n<tr>\n<td>7<\/td>\n<td>Kubi\u0161ta Ladislav<\/td>\n<td>1662<\/td>\n<td>0<\/td>\n<td>0<\/td>\n<td>R<\/td>\n<td>0<\/td>\n<td>1<\/td>\n<td>0<\/td>\n<td><\/td>\n<td>1<\/td>\n<td><\/td>\n<td>2.5<\/td>\n<td>5.75<\/td>\n<td>4<\/td>\n<\/tr>\n<tr>\n<td>8<\/td>\n<td>Kokula Filip<\/td>\n<td>1423<\/td>\n<td>0<\/td>\n<td>0<\/td>\n<td>0<\/td>\n<td>0<\/td>\n<td>R<\/td>\n<td>0<\/td>\n<td>0<\/td>\n<td><\/td>\n<td><\/td>\n<td>0.5<\/td>\n<td>1.5<\/td>\n<td>7<\/td>\n<\/tr>\n<tr>\n<td>9<\/td>\n<td>Mastn\u00fd Tom\u00e1\u0161<\/td>\n<td>1679<\/td>\n<td><\/td>\n<td><\/td>\n<td><\/td>\n<td><\/td>\n<td><\/td>\n<td><\/td>\n<td><\/td>\n<td><\/td>\n<td><\/td>\n<td>0<\/td>\n<td>0<\/td>\n<td>8<\/td>\n<\/tr>\n<\/tbody>\n<\/table>\n<p>Hrac\u00ed komise: Hol\u00e1sek &#8211; p\u0159edseda, Driemer, Mastn\u00fd<\/p>\n<p>Pr\u016fm\u011brn\u00e9 ELO turnaje: 1636<\/p>\n<p>Za\u010d\u00e1tky v 17:00 (nejpozd\u011bji v 17:30)<br \/>\nHraje se FIDE tempem 90 min. na partii + 30 s za ka\u017ed\u00fd tah<\/p>\n","protected":false},"excerpt":{"rendered":"<p>V\u00fdsledky Po\u0159. Jm\u00e9no ELO 1 2 3 4 5 6 7 8 9 Body Sk\u00f3re Los 1 Hol\u00e1sek Pavel 2116 1 1 1 0 1 1 1 6 19 1 2 J\u00e1ni\u0161 Petr 1652 0 0 1 1 1 1 1 5 12.5 3 3 Kapoun V\u00edt 1453 0 1 1 R R R 1 [&hellip;]<\/p>\n","protected":false},"author":11,"featured_media":0,"parent":178,"menu_order":19,"comment_status":"open","ping_status":"closed","template":"","meta":{"ngg_post_thumbnail":0,"footnotes":"","_links_to":"","_links_to_target":""},"class_list":["post-1619","page","type-page","status-publish","hentry"],"_links":{"self":[{"href":"https:\/\/www.sachyuo.cz\/index.php?rest_route=\/wp\/v2\/pages\/1619","targetHints":{"allow":["GET"]}}],"collection":[{"href":"https:\/\/www.sachyuo.cz\/index.php?rest_route=\/wp\/v2\/pages"}],"about":[{"href":"https:\/\/www.sachyuo.cz\/index.php?rest_route=\/wp\/v2\/types\/page"}],"author":[{"embeddable":true,"href":"https:\/\/www.sachyuo.cz\/index.php?rest_route=\/wp\/v2\/users\/11"}],"replies":[{"embeddable":true,"href":"https:\/\/www.sachyuo.cz\/index.php?rest_route=%2Fwp%2Fv2%2Fcomments&post=1619"}],"version-history":[{"count":7,"href":"https:\/\/www.sachyuo.cz\/index.php?rest_route=\/wp\/v2\/pages\/1619\/revisions"}],"predecessor-version":[{"id":18252,"href":"https:\/\/www.sachyuo.cz\/index.php?rest_route=\/wp\/v2\/pages\/1619\/revisions\/18252"}],"up":[{"embeddable":true,"href":"https:\/\/www.sachyuo.cz\/index.php?rest_route=\/wp\/v2\/pages\/178"}],"wp:attachment":[{"href":"https:\/\/www.sachyuo.cz\/index.php?rest_route=%2Fwp%2Fv2%2Fmedia&parent=1619"}],"curies":[{"name":"wp","href":"https:\/\/api.w.org\/{rel}","templated":true}]}}