{"id":2898,"date":"2011-10-19T21:42:52","date_gmt":"2011-10-19T20:42:52","guid":{"rendered":"http:\/\/www.sachyuo.cz\/?page_id=2898"},"modified":"2012-10-06T18:14:48","modified_gmt":"2012-10-06T17:14:48","slug":"oddilak-20112012","status":"publish","type":"page","link":"https:\/\/www.sachyuo.cz\/?page_id=2898","title":{"rendered":"Odd\u00edl\u00e1k &#8211; 2011\/12"},"content":{"rendered":"<div align=\"center\">\n<table border=\"1\" cellpadding=\"0\">\n<tbody>\n<tr>\n<td><strong>Los<\/strong><\/td>\n<td>\n<p align=\"center\"><strong>Jm\u00e9no<\/strong><\/p>\n<\/td>\n<td>\n<p align=\"center\"><strong>ELO<\/strong><\/p>\n<\/td>\n<td>\n<p align=\"center\"><strong>1<\/strong><\/p>\n<\/td>\n<td>\n<p align=\"center\"><strong>2<\/strong><\/p>\n<\/td>\n<td>\n<p align=\"center\"><strong>3<\/strong><\/p>\n<\/td>\n<td>\n<p align=\"center\"><strong>4<\/strong><\/p>\n<\/td>\n<td>\n<p align=\"center\"><strong>5<\/strong><\/p>\n<\/td>\n<td>\n<p align=\"center\"><strong>6<\/strong><\/p>\n<\/td>\n<td>\n<p align=\"center\"><strong>7<\/strong><\/p>\n<\/td>\n<td>\n<p align=\"center\"><strong>8<\/strong><\/p>\n<\/td>\n<td>\n<p align=\"center\"><strong>9<\/strong><\/p>\n<\/td>\n<td>\n<p align=\"center\"><strong>10<\/strong><\/p>\n<\/td>\n<td>\n<p align=\"center\"><strong>11<\/strong><\/p>\n<\/td>\n<td>\n<p align=\"center\"><strong>Body<\/strong><\/p>\n<\/td>\n<\/tr>\n<tr>\n<td>\n<p align=\"center\">1<\/p>\n<\/td>\n<td>Mina\u0159\u00edk Lubom\u00edr<\/td>\n<td>\n<p align=\"center\">1703<\/p>\n<\/td>\n<td style=\"text-align: center;\">X<\/td>\n<td style=\"text-align: center;\">0<\/td>\n<td style=\"text-align: center;\">1<\/td>\n<td style=\"text-align: center;\">0<\/td>\n<td style=\"text-align: center;\">1<\/td>\n<td style=\"text-align: center;\">R<\/td>\n<td style=\"text-align: center;\">1<\/td>\n<td style=\"text-align: center;\">0<\/td>\n<td style=\"text-align: center;\">0<\/td>\n<td style=\"text-align: center;\">0<\/td>\n<td style=\"text-align: center;\">0<\/td>\n<td style=\"text-align: center;\">3,5<\/td>\n<\/tr>\n<tr>\n<td>\n<p align=\"center\">2<\/p>\n<\/td>\n<td>Driemer Jaroslav<\/td>\n<td>\n<p align=\"center\">1558<\/p>\n<\/td>\n<td style=\"text-align: center;\">1<\/td>\n<td style=\"text-align: center;\">X<\/td>\n<td style=\"text-align: center;\">1<\/td>\n<td style=\"text-align: center;\">0<\/td>\n<td style=\"text-align: center;\">R<\/td>\n<td style=\"text-align: center;\">0<\/td>\n<td style=\"text-align: center;\">R<\/td>\n<td style=\"text-align: center;\">0<\/td>\n<td style=\"text-align: center;\">0<\/td>\n<td style=\"text-align: center;\">0<\/td>\n<td style=\"text-align: center;\">0<\/td>\n<td style=\"text-align: center;\">\n<p align=\"center\">3<\/p>\n<\/td>\n<\/tr>\n<tr>\n<td style=\"text-align: center;\">3<\/td>\n<td>Hol\u00e1sek Vojt\u011bch<\/td>\n<td>\n<p align=\"center\">1250<\/p>\n<\/td>\n<td style=\"text-align: center;\">0<\/td>\n<td style=\"text-align: center;\">0<\/td>\n<td style=\"text-align: center;\">X<\/td>\n<td style=\"text-align: center;\">0<\/td>\n<td style=\"text-align: center;\">0<\/td>\n<td style=\"text-align: center;\">0<\/td>\n<td style=\"text-align: center;\">0<\/td>\n<td style=\"text-align: center;\">0<\/td>\n<td style=\"text-align: center;\">0<\/td>\n<td style=\"text-align: center;\">0<\/td>\n<td style=\"text-align: center;\">0<\/td>\n<td style=\"text-align: center;\">\n<p align=\"center\">0<\/p>\n<\/td>\n<\/tr>\n<tr>\n<td>\n<p align=\"center\">4<\/p>\n<\/td>\n<td>Kamen\u00edk David<\/td>\n<td>\n<p align=\"center\">1838<\/p>\n<\/td>\n<td style=\"text-align: center;\">1<\/td>\n<td style=\"text-align: center;\">1<\/td>\n<td style=\"text-align: center;\">1<\/td>\n<td style=\"text-align: center;\">X<\/td>\n<td style=\"text-align: center;\">1<\/td>\n<td style=\"text-align: center;\">1<\/td>\n<td style=\"text-align: center;\">R<\/td>\n<td style=\"text-align: center;\">0<\/td>\n<td style=\"text-align: center;\">1<\/td>\n<td style=\"text-align: center;\">R<\/td>\n<td style=\"text-align: center;\">1<\/td>\n<td style=\"text-align: center;\">\n<p align=\"center\">8<\/p>\n<\/td>\n<\/tr>\n<tr>\n<td>\n<p align=\"center\">5<\/p>\n<\/td>\n<td>Hol\u00e1sek V\u00edt<\/td>\n<td>\n<p align=\"center\">1250<\/p>\n<\/td>\n<td style=\"text-align: center;\">0<\/td>\n<td style=\"text-align: center;\">R<\/td>\n<td style=\"text-align: center;\">1<\/td>\n<td style=\"text-align: center;\">0<\/td>\n<td style=\"text-align: center;\">X<\/td>\n<td style=\"text-align: center;\">0<\/td>\n<td style=\"text-align: center;\">0<\/td>\n<td style=\"text-align: center;\">0<\/td>\n<td style=\"text-align: center;\">0<\/td>\n<td style=\"text-align: center;\">0<\/td>\n<td style=\"text-align: center;\">0<\/td>\n<td style=\"text-align: center;\">\n<p align=\"center\">1,5<\/p>\n<\/td>\n<\/tr>\n<tr>\n<td style=\"text-align: center;\">6<\/td>\n<td>Kapoun V\u00edt<\/td>\n<td>\n<p align=\"center\">1621<\/p>\n<\/td>\n<td style=\"text-align: center;\">R<\/td>\n<td style=\"text-align: center;\">1<\/td>\n<td style=\"text-align: center;\">1<\/td>\n<td style=\"text-align: center;\">0<\/td>\n<td style=\"text-align: center;\">1<\/td>\n<td style=\"text-align: center;\">X<\/td>\n<td style=\"text-align: center;\">R<\/td>\n<td style=\"text-align: center;\">0<\/td>\n<td style=\"text-align: center;\">0<\/td>\n<td style=\"text-align: center;\">R<\/td>\n<td style=\"text-align: center;\">0<\/td>\n<td style=\"text-align: center;\">\n<p align=\"center\">4,5<\/p>\n<\/td>\n<\/tr>\n<tr>\n<td>\n<p align=\"center\">7<\/p>\n<\/td>\n<td>Kodytek Tom\u00e1\u0161<\/td>\n<td>\n<p align=\"center\">1647<\/p>\n<\/td>\n<td style=\"text-align: center;\">0<\/td>\n<td style=\"text-align: center;\">R<\/td>\n<td style=\"text-align: center;\">1<\/td>\n<td style=\"text-align: center;\">\u00a0R<\/td>\n<td style=\"text-align: center;\">1<\/td>\n<td style=\"text-align: center;\">R<\/td>\n<td style=\"text-align: center;\">X<\/td>\n<td style=\"text-align: center;\">0<\/td>\n<td style=\"text-align: center;\">1<\/td>\n<td style=\"text-align: center;\">0<\/td>\n<td style=\"text-align: center;\">R<\/td>\n<td style=\"text-align: center;\">5<\/td>\n<\/tr>\n<tr>\n<td>\n<p align=\"center\">8<\/p>\n<\/td>\n<td>Hol\u00e1sek Pavel<\/td>\n<td>\n<p align=\"center\">2069<\/p>\n<\/td>\n<td style=\"text-align: center;\">1<\/td>\n<td style=\"text-align: center;\">1<\/td>\n<td style=\"text-align: center;\">1<\/td>\n<td style=\"text-align: center;\">1<\/td>\n<td style=\"text-align: center;\">1<\/td>\n<td style=\"text-align: center;\">1<\/td>\n<td style=\"text-align: center;\">1<\/td>\n<td style=\"text-align: center;\">X<\/td>\n<td style=\"text-align: center;\">R<\/td>\n<td style=\"text-align: center;\">0<\/td>\n<td style=\"text-align: center;\">1<\/td>\n<td style=\"text-align: center;\">\n<p align=\"center\">8,5<\/p>\n<\/td>\n<\/tr>\n<tr>\n<td>\n<p align=\"center\">9<\/p>\n<\/td>\n<td>Pokorn\u00fd Jan<\/td>\n<td>\n<p align=\"center\">1924<\/p>\n<\/td>\n<td style=\"text-align: center;\">1<\/td>\n<td style=\"text-align: center;\">1<\/td>\n<td style=\"text-align: center;\">1<\/td>\n<td style=\"text-align: center;\">0<\/td>\n<td style=\"text-align: center;\">1<\/td>\n<td style=\"text-align: center;\">1<\/td>\n<td style=\"text-align: center;\">0<\/td>\n<td style=\"text-align: center;\">R<\/td>\n<td style=\"text-align: center;\">x<\/td>\n<td style=\"text-align: center;\">0<\/td>\n<td style=\"text-align: center;\">0<\/td>\n<td style=\"text-align: center;\">\n<p align=\"center\">5,5<\/p>\n<\/td>\n<\/tr>\n<tr>\n<td>\n<p align=\"center\">10<\/p>\n<\/td>\n<td>Kubi\u0161ta Ladislav<\/td>\n<td>\n<p align=\"center\">1619<\/p>\n<\/td>\n<td style=\"text-align: center;\">1<\/td>\n<td style=\"text-align: center;\">1<\/td>\n<td style=\"text-align: center;\">1<\/td>\n<td style=\"text-align: center;\">R<\/td>\n<td style=\"text-align: center;\">1<\/td>\n<td style=\"text-align: center;\">\u00a0R<\/td>\n<td style=\"text-align: center;\">1<\/td>\n<td style=\"text-align: center;\">1<\/td>\n<td style=\"text-align: center;\">1<\/td>\n<td style=\"text-align: center;\">X<\/td>\n<td style=\"text-align: center;\">1<\/td>\n<td style=\"text-align: center;\">\n<p align=\"center\">9<\/p>\n<\/td>\n<\/tr>\n<tr>\n<td>\n<p align=\"center\">11<\/p>\n<\/td>\n<td>John Petr<\/td>\n<td>\n<p align=\"center\">1634<\/p>\n<\/td>\n<td style=\"text-align: center;\">1<\/td>\n<td style=\"text-align: center;\">1<\/td>\n<td style=\"text-align: center;\">1<\/td>\n<td style=\"text-align: center;\">0<\/td>\n<td style=\"text-align: center;\">1<\/td>\n<td style=\"text-align: center;\">1<\/td>\n<td style=\"text-align: center;\">R<\/td>\n<td style=\"text-align: center;\">0<\/td>\n<td style=\"text-align: center;\">1<\/td>\n<td style=\"text-align: center;\">0<\/td>\n<td style=\"text-align: center;\">X<\/td>\n<td style=\"text-align: center;\">\n<p align=\"center\">6,5<\/p>\n<\/td>\n<\/tr>\n<\/tbody>\n<\/table>\n<\/div>\n<p><strong>Hrac\u00ed komise: Kamen\u00edk \u2013 p\u0159edseda, Hol\u00e1sek P., Pokorn\u00fd<\/strong><br \/>\n<strong>Pr\u016fm\u011brn\u00e9 ELO turnaje: 1647<br \/>\nHrac\u00ed m\u00edstnost: Sport Music Club<br \/>\nZa\u010d\u00e1tky v 17:30<br \/>\nHraje se FIDE tempem 90 min. na partii + 30 s za ka\u017ed\u00fd tah<br \/>\n\u010cekac\u00ed doba: 30 minut<\/strong><\/p>\n<p><strong>\u00a0\u00a0\u00a0\u00a0\u00a0\u00a0\u00a0\u00a0\u00a0\u00a0\u00a0\u00a0\u00a0\u00a0\u00a0\u00a0 1. kolo\u00a0\u00a0 13.10.2011<\/strong><\/p>\n<p>Mina\u0159\u00edk Lubom\u00edr\u00a0\u00a0 &#8211;\u00a0 voln\u00fd los<br \/>\nDriemer Jaroslav\u00a0\u00a0 &#8211;\u00a0 John Petr\u00a0\u00a0\u00a0 0 : 1<br \/>\nHol\u00e1sek Vojt\u011bch\u00a0\u00a0 &#8211;\u00a0 Kubi\u0161ta Ladislav\u00a0\u00a0\u00a0 0 : 1<br \/>\nKamen\u00edk David\u00a0\u00a0 &#8211;\u00a0 Pokorn\u00fd Jan\u00a0\u00a0\u00a0 1 : 0\u00a0\u00a0\u00a0\u00a0\u00a0\u00a0\u00a0\u00a0\u00a0\u00a0\u00a0\u00a0\u00a0\u00a0\u00a0\u00a0\u00a0\u00a0\u00a0\u00a0\u00a0\u00a0\u00a0\u00a0\u00a0\u00a0\u00a0\u00a0\u00a0\u00a0\u00a0\u00a0\u00a0\u00a0\u00a0\u00a0\u00a0\u00a0\u00a0\u00a0 kompletn\u00ed<br \/>\nHol\u00e1sek V\u00edt\u00a0\u00a0 &#8211;\u00a0 Hol\u00e1sek Pavel\u00a0\u00a0\u00a0 0 : 1<br \/>\nKapoun V\u00edt\u00a0\u00a0 &#8211;\u00a0 Kodytek Tom\u00e1\u0161\u00a0\u00a0\u00a0\u00a0 1\/2<\/p>\n<p><strong>\u00a0\u00a0\u00a0\u00a0\u00a0\u00a0\u00a0\u00a0\u00a0\u00a0\u00a0\u00a0\u00a0\u00a0\u00a0\u00a0 2. kolo\u00a0\u00a0 20.10.2011<\/strong><\/p>\n<p>voln\u00fd los\u00a0\u00a0 &#8211;\u00a0 Kodytek Tom\u00e1\u0161<br \/>\nHol\u00e1sek Pavel\u00a0\u00a0 &#8211;\u00a0 Kapoun V\u00edt\u00a0\u00a0\u00a0\u00a0\u00a0\u00a0\u00a0\u00a0\u00a0 1-0<br \/>\nPokorn\u00fd Jan\u00a0\u00a0 &#8211;\u00a0 Hol\u00e1sek V\u00edt\u00a0\u00a0\u00a0\u00a0\u00a0\u00a0\u00a0\u00a0\u00a0\u00a0\u00a0 1-0<br \/>\nKubi\u0161ta Ladislav\u00a0\u00a0 &#8211;\u00a0 Kamen\u00edk David\u00a0\u00a0\u00a0 1\/2\u00a0\u00a0\u00a0\u00a0\u00a0\u00a0\u00a0\u00a0\u00a0\u00a0\u00a0\u00a0\u00a0\u00a0\u00a0\u00a0\u00a0\u00a0\u00a0\u00a0\u00a0\u00a0\u00a0\u00a0\u00a0\u00a0\u00a0\u00a0\u00a0\u00a0\u00a0\u00a0\u00a0 kompletn\u00ed<br \/>\nJohn Petr\u00a0\u00a0 &#8211;\u00a0 Hol\u00e1sek Vojt\u011bch\u00a0\u00a0\u00a0\u00a0\u00a0\u00a0\u00a0\u00a0\u00a0 1-0<br \/>\nMina\u0159\u00edk Lubom\u00edr\u00a0\u00a0 &#8211;\u00a0 Driemer Jaroslav\u00a0\u00a0\u00a0\u00a0\u00a0\u00a0\u00a0\u00a0\u00a0 0-1<\/p>\n<p><strong>\u00a0\u00a0\u00a0\u00a0\u00a0\u00a0\u00a0\u00a0\u00a0\u00a0\u00a0\u00a0\u00a0\u00a0\u00a0\u00a0 3. kolo\u00a0\u00a0 10.11.2011<\/strong><\/p>\n<p>Driemer Jaroslav\u00a0\u00a0 &#8211;\u00a0 voln\u00fd los<br \/>\nHol\u00e1sek Vojt\u011bch\u00a0\u00a0 &#8211;\u00a0 Mina\u0159\u00edk Lubom\u00edr\u00a0\u00a0\u00a0\u00a0\u00a0\u00a0\u00a0\u00a0 0-1<br \/>\nKamen\u00edk David\u00a0\u00a0 &#8211;\u00a0 John Petr\u00a0\u00a0\u00a0\u00a0\u00a0\u00a0\u00a0\u00a0\u00a0\u00a0\u00a0\u00a0\u00a0\u00a0\u00a0\u00a0\u00a0\u00a0\u00a0\u00a0\u00a0\u00a0\u00a0\u00a0 1-0<br \/>\nHol\u00e1sek V\u00edt\u00a0\u00a0 &#8211;\u00a0 Kubi\u0161ta Ladislav\u00a0\u00a0\u00a0\u00a0\u00a0\u00a0\u00a0\u00a0\u00a0\u00a0\u00a0\u00a0\u00a0\u00a0\u00a0\u00a0\u00a0\u00a0\u00a0 0-1\u00a0\u00a0\u00a0\u00a0\u00a0\u00a0\u00a0\u00a0\u00a0\u00a0\u00a0\u00a0\u00a0\u00a0\u00a0\u00a0\u00a0\u00a0\u00a0\u00a0\u00a0\u00a0\u00a0\u00a0\u00a0\u00a0\u00a0\u00a0\u00a0 kompletn\u00ed<br \/>\nKapoun V\u00edt\u00a0\u00a0 &#8211;\u00a0 Pokorn\u00fd Jan\u00a0\u00a0\u00a0\u00a0\u00a0\u00a0\u00a0\u00a0\u00a0\u00a0\u00a0\u00a0\u00a0\u00a0\u00a0\u00a0\u00a0\u00a0\u00a0\u00a0\u00a0\u00a0\u00a0\u00a0\u00a0\u00a0 0-1<br \/>\nKodytek Tom\u00e1\u0161\u00a0\u00a0 &#8211;\u00a0 Hol\u00e1sek Pavel\u00a0\u00a0\u00a0\u00a0\u00a0\u00a0\u00a0\u00a0\u00a0\u00a0\u00a0\u00a0\u00a0\u00a0\u00a0 0-1<\/p>\n<p><strong>\u00a0\u00a0\u00a0\u00a0\u00a0\u00a0\u00a0\u00a0\u00a0\u00a0\u00a0\u00a0\u00a0\u00a0\u00a0\u00a0 4. kolo\u00a0\u00a0 24.11.2011<\/strong><\/p>\n<p>voln\u00fd los\u00a0\u00a0 &#8211;\u00a0 Hol\u00e1sek Pavel<br \/>\nPokorn\u00fd Jan\u00a0\u00a0 &#8211;\u00a0 Kodytek Tom\u00e1\u0161\u00a0\u00a0\u00a0\u00a0\u00a0\u00a0\u00a0\u00a0\u00a0 0-1<br \/>\nKubi\u0161ta Ladislav\u00a0\u00a0 &#8211;\u00a0 Kapoun V\u00edt\u00a0\u00a0\u00a0\u00a0\u00a0\u00a0\u00a0\u00a0\u00a0\u00a0 1\/2<br \/>\nJohn Petr\u00a0\u00a0 &#8211;\u00a0 Hol\u00e1sek V\u00edt\u00a0\u00a0\u00a0\u00a0\u00a0\u00a0\u00a0\u00a0\u00a0\u00a0\u00a0\u00a0\u00a0\u00a0\u00a0\u00a0\u00a0\u00a0\u00a0\u00a0\u00a0\u00a0\u00a0 1-0\u00a0\u00a0\u00a0\u00a0\u00a0\u00a0\u00a0\u00a0\u00a0\u00a0\u00a0\u00a0\u00a0\u00a0\u00a0\u00a0 kompletn\u00ed<br \/>\nMina\u0159\u00edk Lubom\u00edr\u00a0\u00a0 &#8211;\u00a0 Kamen\u00edk David\u00a0\u00a0 0-1<br \/>\nDriemer Jaroslav\u00a0\u00a0 &#8211;\u00a0 Hol\u00e1sek Vojt\u011bch\u00a0 1-0<\/p>\n<p><strong>\u00a0\u00a0\u00a0\u00a0\u00a0\u00a0\u00a0\u00a0\u00a0\u00a0\u00a0\u00a0\u00a0\u00a0\u00a0\u00a0 5. kolo\u00a0\u00a0 8.12.2011<\/strong><\/p>\n<p>Hol\u00e1sek Vojt\u011bch\u00a0\u00a0 &#8211;\u00a0 voln\u00fd los<br \/>\nKamen\u00edk David\u00a0\u00a0 &#8211;\u00a0 Driemer Jaroslav\u00a0 1-0<br \/>\nHol\u00e1sek V\u00edt\u00a0\u00a0 &#8211;\u00a0 Mina\u0159\u00edk Lubom\u00edr\u00a0\u00a0\u00a0\u00a0\u00a0\u00a0\u00a0 0-1<br \/>\nKapoun V\u00edt\u00a0\u00a0 &#8211;\u00a0 John Petr\u00a0\u00a0\u00a0\u00a0\u00a0\u00a0\u00a0\u00a0\u00a0\u00a0\u00a0\u00a0\u00a0\u00a0\u00a0\u00a0\u00a0\u00a0\u00a0\u00a0\u00a0\u00a0\u00a0 0-1\u00a0\u00a0\u00a0\u00a0\u00a0\u00a0\u00a0\u00a0\u00a0\u00a0\u00a0\u00a0\u00a0\u00a0\u00a0\u00a0\u00a0\u00a0\u00a0\u00a0\u00a0\u00a0\u00a0\u00a0 kompletn\u00ed<br \/>\nKodytek Tom\u00e1\u0161\u00a0\u00a0 &#8211;\u00a0 Kubi\u0161ta Ladislav\u00a0\u00a0\u00a0 0-1<br \/>\nHol\u00e1sek Pavel\u00a0\u00a0 &#8211;\u00a0 Pokorn\u00fd Jan\u00a0\u00a0\u00a0\u00a0\u00a0\u00a0\u00a0\u00a0\u00a0\u00a0\u00a0 \u00a0 1\/2<\/p>\n<p><strong>\u00a0\u00a0\u00a0\u00a0\u00a0\u00a0\u00a0\u00a0\u00a0\u00a0\u00a0\u00a0\u00a0\u00a0\u00a0\u00a0 6. kolo\u00a0\u00a0 12.1.2012<\/strong><\/p>\n<p>voln\u00fd los\u00a0\u00a0 &#8211;\u00a0 Pokorn\u00fd Jan<br \/>\nKubi\u0161ta Ladislav\u00a0\u00a0 &#8211;\u00a0 Hol\u00e1sek Pavel\u00a0\u00a0\u00a0\u00a0 1-0<br \/>\nJohn Petr\u00a0\u00a0 &#8211;\u00a0 Kodytek Tom\u00e1\u0161\u00a0\u00a0\u00a0\u00a0\u00a0\u00a0\u00a0\u00a0\u00a0\u00a0\u00a0\u00a0\u00a0\u00a0 1\/2<br \/>\nMina\u0159\u00edk Lubom\u00edr\u00a0\u00a0 &#8211;\u00a0 Kapoun V\u00edt\u00a0\u00a0\u00a0\u00a0\u00a0\u00a0\u00a0\u00a0 1\/2\u00a0\u00a0\u00a0\u00a0\u00a0\u00a0\u00a0\u00a0\u00a0\u00a0\u00a0\u00a0\u00a0\u00a0\u00a0\u00a0\u00a0\u00a0\u00a0\u00a0\u00a0\u00a0\u00a0\u00a0\u00a0\u00a0\u00a0\u00a0 kompletn\u00ed<br \/>\nDriemer Jaroslav\u00a0\u00a0 &#8211;\u00a0 Hol\u00e1sek V\u00edt\u00a0\u00a0\u00a0\u00a0\u00a0\u00a0\u00a0 1\/2<br \/>\nHol\u00e1sek Vojt\u011bch\u00a0\u00a0 &#8211;\u00a0 Kamen\u00edk David<strong>\u00a0\u00a0\u00a0\u00a0<\/strong>0-1<strong>\u00a0\u00a0\u00a0 <\/strong><\/p>\n<p><strong><\/strong><strong>7. kolo 26.1.2012<\/strong><\/p>\n<p>Kamen\u00edk David\u00a0\u00a0 &#8211;\u00a0 voln\u00fd los<br \/>\nHol\u00e1sek V\u00edt\u00a0\u00a0 &#8211;\u00a0 Hol\u00e1sek Vojt\u011bch 1-0<br \/>\nKapoun V\u00edt\u00a0\u00a0 &#8211;\u00a0 Driemer Jaroslav\u00a0\u00a0 1-0<br \/>\nKodytek Tom\u00e1\u0161\u00a0\u00a0 &#8211;\u00a0 Mina\u0159\u00edk Lubom\u00edr 0-1\u00a0\u00a0\u00a0\u00a0\u00a0\u00a0\u00a0\u00a0\u00a0\u00a0\u00a0\u00a0\u00a0\u00a0\u00a0\u00a0\u00a0\u00a0\u00a0\u00a0\u00a0\u00a0\u00a0\u00a0\u00a0\u00a0\u00a0\u00a0\u00a0\u00a0\u00a0\u00a0\u00a0\u00a0\u00a0\u00a0\u00a0\u00a0\u00a0\u00a0 kompletn\u00ed<br \/>\nHol\u00e1sek Pavel\u00a0\u00a0 &#8211;\u00a0 John Petr 1-0<br \/>\nPokorn\u00fd Jan\u00a0\u00a0 &#8211;\u00a0 Kubi\u0161ta Ladislav 0-1<\/p>\n<p><strong>\u00a0\u00a0\u00a0\u00a0\u00a0\u00a0\u00a0\u00a0\u00a0\u00a0\u00a0\u00a0\u00a0\u00a0\u00a0\u00a0 8. kolo\u00a0\u00a0 9.2.2012<\/strong><\/p>\n<p>voln\u00fd los\u00a0\u00a0 &#8211;\u00a0 Kubi\u0161ta Ladislav<br \/>\nJohn Petr\u00a0\u00a0 &#8211;\u00a0 Pokorn\u00fd Jan\u00a0\u00a0\u00a0\u00a0\u00a0\u00a0\u00a0\u00a0\u00a0\u00a0\u00a0\u00a0\u00a0\u00a0\u00a0\u00a0\u00a0\u00a0\u00a0\u00a0\u00a0\u00a0\u00a0\u00a0\u00a0 \u00a01-0<br \/>\nMina\u0159\u00edk Lubom\u00edr\u00a0\u00a0 &#8211;\u00a0 Hol\u00e1sek Pavel\u00a0\u00a0\u00a0\u00a0\u00a0\u00a0\u00a0\u00a0\u00a00-1<br \/>\nDriemer Jaroslav\u00a0\u00a0 &#8211;\u00a0 Kodytek Tom\u00e1\u0161\u00a0\u00a0\u00a0\u00a0 1\/2\u00a0\u00a0\u00a0\u00a0\u00a0\u00a0\u00a0\u00a0\u00a0\u00a0\u00a0\u00a0\u00a0\u00a0\u00a0\u00a0\u00a0\u00a0\u00a0 kompletn\u00ed<br \/>\nHol\u00e1sek Vojt\u011bch\u00a0\u00a0 &#8211;\u00a0 Kapoun V\u00edt\u00a0\u00a0\u00a0\u00a0\u00a0\u00a0\u00a0\u00a0\u00a0\u00a0\u00a0\u00a0\u00a0\u00a0\u00a0 0-1<br \/>\nKamen\u00edk David\u00a0\u00a0 &#8211;\u00a0 Hol\u00e1sek V\u00edt\u00a0\u00a0\u00a0\u00a0\u00a0\u00a0\u00a0\u00a0\u00a0\u00a0\u00a0\u00a0\u00a0\u00a0\u00a0\u00a0\u00a0\u00a0 1-0<\/p>\n<p><strong>\u00a0\u00a0\u00a0\u00a0\u00a0\u00a0\u00a0\u00a0\u00a0\u00a0\u00a0\u00a0\u00a0\u00a0\u00a0\u00a0 9. kolo\u00a0\u00a0 23.2.2012<\/strong><\/p>\n<p>Hol\u00e1sek V\u00edt\u00a0\u00a0 &#8211;\u00a0 voln\u00fd los<br \/>\nKapoun V\u00edt\u00a0\u00a0 &#8211;\u00a0 Kamen\u00edk David\u00a0\u00a0\u00a0\u00a0\u00a0\u00a0\u00a0\u00a0\u00a0\u00a0\u00a0\u00a0\u00a0\u00a0\u00a0\u00a0\u00a0\u00a0\u00a0 0-1<br \/>\nKodytek Tom\u00e1\u0161\u00a0\u00a0 &#8211;\u00a0 Hol\u00e1sek Vojt\u011bch\u00a0\u00a0\u00a0\u00a0\u00a0\u00a0\u00a0\u00a0 1-0<br \/>\nHol\u00e1sek Pavel\u00a0\u00a0 &#8211;\u00a0 Driemer Jaroslav\u00a0\u00a0\u00a0\u00a0\u00a0\u00a0\u00a0\u00a0\u00a0\u00a0 1-0 \u00a0\u00a0\u00a0\u00a0\u00a0\u00a0\u00a0\u00a0 \u00a0 \u00a0 \u00a0 \u00a0 \u00a0 \u00a0 \u00a0 \u00a0 \u00a0 \u00a0\u00a0 kompletn\u00ed<br \/>\nPokorn\u00fd Jan\u00a0\u00a0 &#8211;\u00a0 Mina\u0159\u00edk Lubom\u00edr\u00a0\u00a0\u00a0\u00a0\u00a0\u00a0\u00a0\u00a0\u00a0\u00a0\u00a0\u00a0\u00a0 1-0<br \/>\nKubi\u0161ta Ladislav\u00a0\u00a0 &#8211;\u00a0 John Petr\u00a0\u00a0\u00a0\u00a0\u00a0\u00a0\u00a0\u00a0\u00a0\u00a0\u00a0\u00a0\u00a0\u00a0\u00a0\u00a0\u00a0\u00a0\u00a0\u00a0 1-0<\/p>\n<p><strong>\u00a0\u00a0\u00a0\u00a0\u00a0\u00a0\u00a0\u00a0\u00a0\u00a0\u00a0\u00a0\u00a0\u00a0 10. kolo\u00a0\u00a0 8.3.2012<\/strong><\/p>\n<p>voln\u00fd los\u00a0\u00a0 &#8211;\u00a0 John Petr<br \/>\nMina\u0159\u00edk Lubom\u00edr\u00a0\u00a0 &#8211;\u00a0 Kubi\u0161ta Ladislav\u00a0\u00a0\u00a0\u00a0\u00a0 0-1<br \/>\nDriemer Jaroslav\u00a0\u00a0 &#8211;\u00a0 Pokorn\u00fd Jan\u00a0\u00a0\u00a0\u00a0\u00a0\u00a0\u00a0\u00a0\u00a0\u00a0\u00a0 0-1<br \/>\nHol\u00e1sek Vojt\u011bch\u00a0\u00a0 &#8211;\u00a0 Hol\u00e1sek Pavel\u00a0\u00a0\u00a0\u00a0\u00a0\u00a0\u00a0\u00a0\u00a0\u00a0 0-1\u00a0\u00a0\u00a0\u00a0\u00a0\u00a0\u00a0\u00a0\u00a0\u00a0\u00a0\u00a0\u00a0\u00a0\u00a0\u00a0\u00a0\u00a0 kompletn\u00ed<br \/>\nKamen\u00edk David\u00a0\u00a0 &#8211;\u00a0 Kodytek Tom\u00e1\u0161\u00a0\u00a0\u00a0\u00a0\u00a0\u00a0\u00a0\u00a0\u00a0 1\/2<br \/>\nHol\u00e1sek V\u00edt\u00a0\u00a0 &#8211;\u00a0 Kapoun V\u00edt\u00a0\u00a0\u00a0\u00a0\u00a0\u00a0\u00a0\u00a0\u00a0\u00a0\u00a0\u00a0\u00a0\u00a0\u00a0\u00a0\u00a0\u00a0\u00a0\u00a0\u00a0\u00a0\u00a0\u00a0\u00a0\u00a0 0-1<\/p>\n<p><strong>\u00a0\u00a0\u00a0\u00a0\u00a0\u00a0\u00a0\u00a0\u00a0\u00a0\u00a0\u00a0\u00a0\u00a0 11. kolo\u00a0\u00a0 22.3.2012<\/strong><\/p>\n<p>Kapoun V\u00edt\u00a0\u00a0 &#8211;\u00a0 voln\u00fd los<br \/>\nKodytek Tom\u00e1\u0161\u00a0\u00a0 &#8211;\u00a0 Hol\u00e1sek V\u00edt\u00a0\u00a0\u00a0\u00a0\u00a0\u00a0\u00a0\u00a0\u00a0\u00a0\u00a0\u00a0\u00a0\u00a0\u00a0\u00a0\u00a0 1-0<br \/>\nHol\u00e1sek Pavel\u00a0\u00a0 &#8211;\u00a0 Kamen\u00edk David\u00a0\u00a0\u00a0\u00a0\u00a0\u00a0\u00a0\u00a0\u00a0\u00a0\u00a0\u00a0\u00a0 1-0<br \/>\nPokorn\u00fd Jan\u00a0\u00a0 &#8211;\u00a0 Hol\u00e1sek Vojt\u011bch\u00a0\u00a0\u00a0\u00a0\u00a0\u00a0\u00a0\u00a0\u00a0\u00a0\u00a0\u00a0\u00a0 1-0\u00a0\u00a0\u00a0\u00a0\u00a0\u00a0\u00a0\u00a0\u00a0\u00a0\u00a0\u00a0\u00a0\u00a0\u00a0\u00a0\u00a0\u00a0\u00a0 kompletn\u00ed<br \/>\nKubi\u0161ta Ladislav\u00a0\u00a0 &#8211;\u00a0 Driemer Jaroslav\u00a0\u00a0\u00a0 1-0<br \/>\nJohn Petr\u00a0\u00a0 &#8211;\u00a0 Mina\u0159\u00edk Lubom\u00edr\u00a0\u00a0\u00a0\u00a0\u00a0\u00a0\u00a0\u00a0\u00a0\u00a0\u00a0\u00a0\u00a0\u00a0\u00a0\u00a0\u00a0\u00a0 1-0<\/p>\n<p><strong><br \/>\n<\/strong><strong><\/strong><\/p>\n","protected":false},"excerpt":{"rendered":"<p>Los Jm\u00e9no ELO 1 2 3 4 5 6 7 8 9 10 11 Body 1 Mina\u0159\u00edk Lubom\u00edr 1703 X 0 1 0 1 R 1 0 0 0 0 3,5 2 Driemer Jaroslav 1558 1 X 1 0 R 0 R 0 0 0 0 3 3 Hol\u00e1sek Vojt\u011bch 1250 0 0 X 0 [&hellip;]<\/p>\n","protected":false},"author":7,"featured_media":0,"parent":178,"menu_order":17,"comment_status":"open","ping_status":"closed","template":"","meta":{"ngg_post_thumbnail":0,"footnotes":"","_links_to":"","_links_to_target":""},"class_list":["post-2898","page","type-page","status-publish","hentry"],"_links":{"self":[{"href":"https:\/\/www.sachyuo.cz\/index.php?rest_route=\/wp\/v2\/pages\/2898","targetHints":{"allow":["GET"]}}],"collection":[{"href":"https:\/\/www.sachyuo.cz\/index.php?rest_route=\/wp\/v2\/pages"}],"about":[{"href":"https:\/\/www.sachyuo.cz\/index.php?rest_route=\/wp\/v2\/types\/page"}],"author":[{"embeddable":true,"href":"https:\/\/www.sachyuo.cz\/index.php?rest_route=\/wp\/v2\/users\/7"}],"replies":[{"embeddable":true,"href":"https:\/\/www.sachyuo.cz\/index.php?rest_route=%2Fwp%2Fv2%2Fcomments&post=2898"}],"version-history":[{"count":36,"href":"https:\/\/www.sachyuo.cz\/index.php?rest_route=\/wp\/v2\/pages\/2898\/revisions"}],"predecessor-version":[{"id":4318,"href":"https:\/\/www.sachyuo.cz\/index.php?rest_route=\/wp\/v2\/pages\/2898\/revisions\/4318"}],"up":[{"embeddable":true,"href":"https:\/\/www.sachyuo.cz\/index.php?rest_route=\/wp\/v2\/pages\/178"}],"wp:attachment":[{"href":"https:\/\/www.sachyuo.cz\/index.php?rest_route=%2Fwp%2Fv2%2Fmedia&parent=2898"}],"curies":[{"name":"wp","href":"https:\/\/api.w.org\/{rel}","templated":true}]}}